15
What is the greatest common divisor of 2035 and 165?
55
Calculate the highest common factor of 9306 and 792.
198
What is the highest common factor of 10 and 30?
10
Calculate the highest common factor of 89 and 979.
89
Calculate the greatest common factor of 2232 and 9.
9
What is the highest common factor of 97 and 42583?
97
Calculate the greatest common factor of 5985 and 70.
35
Calculate the highest common factor of 4 and 32.
4
Calculate the greatest common divisor of 279 and 873.
9
Calculate the highest common factor of 4511 and 13.
13
Calculate the greatest common divisor of 116 and 145.
29
What is the greatest common factor of 608 and 19?
19
Calculate the greatest common factor of 1 and 5767.
1
What is the highest common factor of 14184 and 27?
9
What is the greatest common factor of 192 and 4656?
48
What is the highest common divisor of 441 and 245?
49
Calculate the highest common factor of 48 and 21.
3
Calculate the greatest common divisor of 80 and 1180.
20
Calculate the highest common divisor of 1518 and 88.
22
What is the highest common factor of 1302 and 63?
21
Calculate the greatest common factor of 594 and 264.
66
What is the greatest common divisor of 924 and 264?
132
What is the highest common divisor of 57 and 1311?
57
What is the greatest common divisor of 330 and 20?
10
Calculate the highest common factor of 172 and 1462.
86
What is the greatest common factor of 126 and 14?
14
Calculate the highest common divisor of 203 and 116.
29
Calculate the greatest common factor of 13 and 30823.
13
What is the greatest common factor of 43 and 688?
43
What is the greatest common factor of 44 and 66484?
44
What is the highest common divisor of 60 and 82?
2
What is the greatest common factor of 96 and 27?
3
Calculate the greatest common divisor of 182 and 42.
14
Calculate the highest common divisor of 1200 and 1000.
200
Calculate the greatest common divisor of 76 and 95.
19
Calculate the greatest common divisor of 3496 and 506.
46
What is the highest common divisor of 1 and 121?
1
Calculate the greatest common divisor of 9 and 279.
9
Calculate the highest common divisor of 1558 and 114.
38
What is the highest common divisor of 4 and 18?
2
What is the highest common factor of 25 and 95?
5
Calculate the highest common divisor of 20 and 320.
20
Calculate the greatest common factor of 24 and 4332.
12
What is the highest common factor of 2597 and 1519?
49
What is the greatest common factor of 150 and 510?
30
What is the greatest common factor of 108 and 4?
4
What is the greatest common divisor of 30 and 3645?
15
Calculate the highest common divisor of 768 and 18.
6
Calculate the greatest common factor of 52 and 117.
13
What is the greatest common divisor of 66 and 6?
6
Calculate the highest common factor of 1075 and 43.
43
What is the highest common factor of 368 and 16?
16
What is the highest common divisor of 1052 and 7627?
263
What is the highest common factor of 60 and 24?
12
What is the greatest common factor of 20 and 290?
10
Calculate the highest common factor of 1632 and 96.
96
What is the greatest common factor of 671 and 61?
61
What is the highest common divisor of 136 and 748?
68
What is the greatest common divisor of 77 and 343?
7
Calculate the greatest common divisor of 595 and 105.
35
What is the greatest common divisor of 5 and 2005?
5
What is the greatest common factor of 15 and 120?
15
What is the greatest common divisor of 4975 and 50?
25
What is the greatest common divisor of 4 and 83?
1
What is the greatest common divisor of 280 and 80?
40
Calculate the highest common divisor of 45 and 155.
5
Calculate the greatest common factor of 4032 and 882.
126
Calculate the greatest common divisor of 192 and 606.
6
What is the greatest common divisor of 3349 and 85?
17
What is the highest common factor of 6304 and 4?
4
Calculate the greatest common factor of 72 and 63.
9
What is the greatest common factor of 5740 and 560?
140
Calculate the highest common factor of 1269 and 1755.
27
What is the highest common divisor of 299 and 4849?
13
Calculate the greatest common factor of 18871 and 113.
113
What is the highest common factor of 425 and 2500?
25
What is the greatest common divisor of 16 and 62768?
16
Calculate the highest common divisor of 3069 and 132.
33
Calculate the greatest common divisor of 59 and 15871.
59
What is the highest common divisor of 220 and 605?
55
Calculate the highest common factor of 792 and 162.
18
What is the highest common divisor of 19704 and 24?
24
What is the greatest common factor of 57 and 47139?
57
What is the highest common divisor of 22 and 1034?
22
Calculate the greatest common divisor of 26961 and 258.
129
Calculate the greatest common divisor of 748 and 66.
22
Calculate the highest common factor of 22 and 1463.
11
Calculate the greatest common divisor of 414 and 5336.
46
What is the greatest common divisor of 275 and 125?
25
Calculate the greatest common divisor of 343 and 161.
7
What is the highest common divisor of 369 and 943?
41
What is the greatest common factor of 3648 and 741?
57
Calculate the greatest common divisor of 58 and 841.
29
What is the greatest common factor of 575 and 25?
25
Calculate the greatest common divisor of 24 and 13704.
24
What is the greatest common factor of 245 and 2730?
35
Calculate the greatest common factor of 15437 and 129.
43
What is the greatest common factor of 5547 and 258?
129
Calculate the greatest common divisor of 19 and 152.
19
Calculate the greatest common factor of 1218 and 84.
42
What is the highest common factor of 62 and 1147?
31
Calculate the greatest common factor of 1462 and 34.
34
Calculate the highest common divisor of 402 and 258.
6
Calculate the greatest common divisor of 29 and 667.
29
Calculate the greatest common factor of 27 and 63.
9
Calculate the highest common factor of 308 and 2860.
44
What is the highest common divisor of 18 and 102?
6
Calculate the highest common divisor of 20 and 4660.
20
Calculate the greatest common divisor of 468 and 6396.
156
Calculate the highest common factor of 1456 and 112.
112
Calculate the greatest common divisor of 118 and 59.
59
Calculate the greatest common divisor of 1219 and 23.
23
What is the highest common factor of 51 and 527?
17
Calculate the greatest common divisor of 10 and 8.
2
Calculate the greatest common divisor of 185 and 74.
37
What is the highest common divisor of 288 and 8?
8
Calculate the highest common divisor of 1835 and 40.
5
Calculate the greatest common divisor of 2674 and 112.
14
What is the greatest common factor of 201 and 12?
3
What is the highest common divisor of 1020 and 150?
30
What is the greatest common factor of 248 and 7936?
248
Calculate the greatest common factor of 3008 and 1175.
47
What is the highest common factor of 228 and 2166?
114
What is the highest common divisor of 258 and 1462?
86
What is the greatest common factor of 12 and 77628?
12
What is the highest common factor of 40 and 70?
10
What is the highest common factor of 31 and 17050?
31
Calculate the greatest common divisor of 9 and 192.
3
Calculate the highest common factor of 364 and 350.
14
Calculate the greatest common divisor of 2669 and 68.
17
Calculate the greatest common factor of 768 and 72.
24
What is the greatest common divisor of 40 and 150?
10
Calculate the highest common divisor of 1083 and 171.
57
Calculate the highest common divisor of 209 and 304.
19
What is the greatest common divisor of 5500 and 1?
1
Calculate the greatest common factor of 22 and 616.
22
What is the greatest common factor of 232 and 8?
8
Calculate the greatest common divisor of 104 and 6344.
104
What is the highest common factor of 201 and 6?
3
What is the highest common factor of 221 and 34?
17
What is the greatest common divisor of 15249 and 17?
17
What is the greatest common divisor of 11 and 979?
11
Calculate the highest common factor of 576 and 512.
64
What is the greatest common factor of 372 and 1767?
93
What is the highest common divisor of 244 and 427?
61
Calculate the highest common divisor of 18 and 12.
6
What is the highest common factor of 28 and 3514?
14
Calculate the highest common divisor of 2456 and 16.
8
What is the highest common divisor of 32 and 208?
16
What is the greatest common divisor of 669